{"id":163,"date":"2020-07-12T21:35:14","date_gmt":"2020-07-12T19:35:14","guid":{"rendered":"https:\/\/isarmarathon.de\/?page_id=163"},"modified":"2020-07-28T21:40:19","modified_gmt":"2020-07-28T19:40:19","slug":"samstag-18-7-2020-in-fuessen","status":"publish","type":"page","link":"https:\/\/isarmarathon.de\/?page_id=163","title":{"rendered":"Samstag, 18.7.2020 in F\u00fcssen"},"content":{"rendered":"\n<p><em><strong>Resumee:<\/strong><\/em><br>An einem perfekten Tag mit nicht zu hei\u00dfen Temperaturen konnten wir einen sch\u00f6nen Marathon um F\u00fcssen herum laufen.  Beeindruckend, wie oft man die K\u00f6nigsschl\u00f6sser sehen konnte. Einen sch\u00f6nen Laufbericht gibt es hier: <\/p>\n\n\n\n<p><a href=\"https:\/\/team-tomj.de\/berichte\/2020\/berichte_20-07_fuessen_A.html\">https:\/\/team-tomj.de\/berichte\/2020\/berichte_20-07_fuessen_A.html<\/a><\/p>\n\n\n\n<div class=\"wp-block-group\"><div class=\"wp-block-group__inner-container is-layout-flow wp-block-group-is-layout-flow\">\n<p><strong>Ergebnisse:<\/strong><\/p>\n<\/div><\/div>\n\n\n\n<figure class=\"wp-block-table is-style-stripes\"><table><tbody><tr><td><strong>Platz<\/strong><\/td><td><strong>Name<\/strong><\/td><td><strong>Vorname<\/strong><\/td><td><strong>Verein\/Ort<\/strong><\/td><td><strong>Zeit<\/strong><\/td><\/tr><tr><td>1.<\/td><td>Behrens<\/td><td>Axel<\/td><td>RKV Denkendorf<\/td><td>5:07:16<\/td><\/tr><tr><td>2.<\/td><td>Bettingen<\/td><td>Andreas<\/td><td>M\u00fcnchen<\/td><td>5:07:27<\/td><\/tr><tr><td>3.<\/td><td>Schick<\/td><td>Andy<\/td><td>LT Unterensingen<\/td><td>5:20:58<\/td><\/tr><tr><td>3.<\/td><td>Berger<\/td><td>Charly<\/td><td>Team TOMJ<\/td><td>5:20:58<\/td><\/tr><tr><td>5.<\/td><td>Englerth<\/td><td>J\u00fcrgen<\/td><td>Trail WhippAss<\/td><td>5:51:01<\/td><\/tr><tr><td>6.<\/td><td>Pielok<\/td><td>Alois<\/td><td><\/td><td>5:51:36<\/td><\/tr><tr><td>6.<\/td><td>Manhard<\/td><td>Bernie<\/td><td>Team TOMJ<\/td><td>5:51:36<\/td><\/tr><tr><td>8.<\/td><td>Greppmeir<\/td><td>Andreas<\/td><td>Team TOMJ<\/td><td>6:18:09<\/td><\/tr><tr><td>DNF<\/td><td>Ott<\/td><td>Axel<\/td><td><\/td><td><\/td><\/tr><tr><td><\/td><td><\/td><td><\/td><td><\/td><td><\/td><\/tr><tr><td><\/td><td><\/td><td><\/td><td><\/td><td><\/td><\/tr><tr><td><strong>Platz<\/strong><\/td><td><strong>Name<\/strong><\/td><td><strong>Vorname<\/strong><\/td><td><strong>Verein\/Ort<\/strong><\/td><td><strong>Zeit<\/strong><\/td><\/tr><tr><td>1.<\/td><td>Strack<\/td><td>Judith<\/td><td>M\u00fcnchen<\/td><td>5:07:24<\/td><\/tr><tr><td>2.<\/td><td>Schramm<\/td><td>Kati<\/td><td><\/td><td>6:18:09<\/td><\/tr><\/tbody><\/table><\/figure>\n\n\n\n<p><strong>Datum:<\/strong><br>Der Lauf fand am Samstag, 18.7.2020 statt.<\/p>\n\n\n\n<p><strong>Startzeit\/Zeitlimit:<\/strong><br>Startzeit ist um 10:00. Kein Zeitlimit, jedoch muss der Marathon in einem St\u00fcck abgeschlossen werden.<\/p>\n\n\n\n<p><strong>Strecke<\/strong><br>Die Strecke entspricht der offiziellen F\u00fcssen Romantikmarathonstrecke. <img loading=\"lazy\" decoding=\"async\" width=\"600\" height=\"488\" class=\"wp-image-165\" style=\"width: 600px;\" src=\"https:\/\/isarmarathon.de\/wp-content\/uploads\/2020\/07\/Fuessen.jpg\" alt=\"\" srcset=\"https:\/\/isarmarathon.de\/wp-content\/uploads\/2020\/07\/Fuessen.jpg 728w, https:\/\/isarmarathon.de\/wp-content\/uploads\/2020\/07\/Fuessen-300x244.jpg 300w\" sizes=\"auto, (max-width: 600px) 100vw, 600px\" \/><\/p>\n\n\n\n<p>Den L\u00e4uferInnen wird ein GPS-Track zur Verf\u00fcgung gestellt. Es wird darum gebeten, an den wenigen Stra\u00dfenquerungen sehr vorsichtig zu sein. Ansonsten verl\u00e4uft der Marathon auf Geh\/Radwegen entlang von Stra\u00dfen, kleinen Str\u00e4\u00dflein mit hoffentlich wenig Verkehr und Schotterwegen.<\/p>\n\n\n\n<p><strong>Start- und Ziel<\/strong>,<strong> Gep\u00e4ckaufbewahrung:<\/strong><br>Start ist in F\u00fcssen in der Kemptener Stra\u00dfe auf dem n\u00f6rdlichen Fu\u00dfweg fast an der Luitpoldstra\u00dfe., keine Gep\u00e4ckaufbewahrung.<\/p>\n\n\n\n<p><strong>Anfahrt:<\/strong><br>Der Start liegt nicht weit entfernt vom Bahnhof in F\u00fcssen. Wer mit dem Auto kommt, kann en gro\u00dfen Morisse-Parkplatz (geb\u00fchrenpflichtig) benutzen.  Weiter stadtausw\u00e4rts kann man auch kostenlos parken.<\/p>\n\n\n\n<p><strong>Verpflegung:<\/strong><br>Keine Verpflegung durch den Organisator.  Aufgrund der warmen Witterung sollte genug Wasser mitgenommen werden. Eventuell kann man bei Kilometer 3 eine Flasche deponieren (verstecken). Dort kommt man bei Kilometer 16 wieder vorbei. Am Campingplatz bei km 26 soll es einen Brunnen geben. Ich werde noch versuchen herauszubekommen, ob man ihn nutzen darf. Bei km 36 kann man notfalls 200 Meter zum gro\u00dfen Parkplatz Hohenschwangau weiterlaufen. Dort gibt es Toiletten und unz\u00e4hlige Restaurants und Gesch\u00e4fte.<\/p>\n\n\n\n<p><strong>Toiletten\/Duschen:<\/strong><br>Am Start gib es einige Cafes mit Toiletten, auch f\u00fcr das kleine Fr\u00fchst\u00fcck. Eventuell auch am Morisse Parkplatz.<br>Nach dem Lauf kann man am Forggensee oder Hopfensee baden.<\/p>\n\n\n\n<p><strong>Zeitnahme:<\/strong><br>Selbst\u00e4ndig per Laufuhr. Der GPS-Track dient als Nachweis der Zeit und der Kilometer<\/p>\n\n\n\n<p><strong>Startgeb\u00fchr:<\/strong><br>Keine. keine Spende<\/p>\n\n\n\n<p><strong>Anerkennung:<\/strong><br>Urkunde per mail<\/p>\n\n\n\n<p><strong>Teilnehmerlimit:<\/strong><br>mindestens 3, maximal 20 \u2013 Mindestalter 18 Jahre<\/p>\n\n\n\n<p><strong>Ergebnisliste:<\/strong><br>Hier auf der Seite<\/p>\n\n\n\n<p><strong>Anmeldung:<\/strong><br>bis 12 Stunden vor Start; unter Angabe von Vorname, Nachname, Ort und Verein per Mail. Keine Nachmeldungen.<\/p>\n\n\n\n<p><strong>Kontakt\/weitereInformationen:<\/strong><br>kontakt@isarmarathon.de<\/p>\n\n\n\n<p><strong>Haftungsausschl\u00fcsse und notwendige Erkl\u00e4rungen der Teilnehmer:<\/strong><br>1. Der Veranstalter \u00fcbernimmt f\u00fcr Unf\u00e4lle und Verletzungen aller Art sowie Diebstahl oder sonstige Sch\u00e4den keine Haftung. Die Teilnahme erfolgt auf eigenes Risiko.<\/p>\n\n\n\n<p>2. Der Teilnehmer erkl\u00e4rt, dass er die zum Zeitpunkt des Laufs g\u00fcltigen bayrischen Kontaktbeschr\u00e4nkungen und weitere gesetzlichen Vorgaben im Rahmen der Corona-Pandemie einh\u00e4lt.<\/p>\n\n\n\n<p>3. Der Teilnehmer erkl\u00e4rt, dass er einen f\u00fcr die Absolvierung des Laufs ausreichenden Trainings- und Gesundheitszustand besitzt und mehre Marathons im Jahr l\u00e4uft.&nbsp;Eine medizinische Betreuung wird nicht organisiert.<\/p>\n\n\n\n<p>4.&nbsp;Es gilt die Stra\u00dfenverkehrsordnung. Am Tierpark (Nordrunde) kann eine Stra\u00dfe \u00fcber einen Zebrastreifen \u00fcberquert werden oder unterquert \u00fcber einen stark befahrenen Radweg. Ansonsten handelt es sich um einen Fu\u00df-\/Radweg. Es wird in M\u00fcnchen rechts gelaufen.<\/p>\n\n\n\n<p>5. Sollten sich die rechtlichen Rahmenbedingungen (Notverordnung) \u00e4ndern kann der Lauf abgesagt werden.<\/p>\n\n\n\n<p>6. Der Teilnehmer best\u00e4tigt mit seiner Anmeldung, dass er damit einverstanden ist, dass s\u00e4mtliche Fotos und Videos, die im Zusammenhang mit dem Lauf stehen, ohne Verg\u00fctungsanspr\u00fcche genutzt werden d\u00fcrfen .<\/p>\n","protected":false},"excerpt":{"rendered":"<p>Resumee:An einem perfekten Tag mit nicht zu hei\u00dfen Temperaturen konnten wir einen sch\u00f6nen Marathon um F\u00fcssen herum laufen. Beeindruckend, wie oft man die K\u00f6nigsschl\u00f6sser sehen konnte. Einen sch\u00f6nen Laufbericht gibt es hier: https:\/\/team-tomj.de\/berichte\/2020\/berichte_20-07_fuessen_A.html Ergebnisse: Platz Name Vorname Verein\/Ort Zeit 1. Behrens Axel RKV Denkendorf 5:07:16 2. Bettingen Andreas M\u00fcnchen 5:07:27 3. Schick Andy LT Unterensingen &hellip; <\/p>\n<p class=\"link-more\"><a href=\"https:\/\/isarmarathon.de\/?page_id=163\" class=\"more-link\"><span class=\"screen-reader-text\">\u201eSamstag, 18.7.2020 in F\u00fcssen\u201c <\/span>weiterlesen<\/a><\/p>\n","protected":false},"author":1,"featured_media":0,"parent":0,"menu_order":0,"comment_status":"closed","ping_status":"closed","template":"","meta":{"footnotes":""},"class_list":["post-163","page","type-page","status-publish","hentry"],"_links":{"self":[{"href":"https:\/\/isarmarathon.de\/index.php?rest_route=\/wp\/v2\/pages\/163","targetHints":{"allow":["GET"]}}],"collection":[{"href":"https:\/\/isarmarathon.de\/index.php?rest_route=\/wp\/v2\/pages"}],"about":[{"href":"https:\/\/isarmarathon.de\/index.php?rest_route=\/wp\/v2\/types\/page"}],"author":[{"embeddable":true,"href":"https:\/\/isarmarathon.de\/index.php?rest_route=\/wp\/v2\/users\/1"}],"replies":[{"embeddable":true,"href":"https:\/\/isarmarathon.de\/index.php?rest_route=%2Fwp%2Fv2%2Fcomments&post=163"}],"version-history":[{"count":14,"href":"https:\/\/isarmarathon.de\/index.php?rest_route=\/wp\/v2\/pages\/163\/revisions"}],"predecessor-version":[{"id":193,"href":"https:\/\/isarmarathon.de\/index.php?rest_route=\/wp\/v2\/pages\/163\/revisions\/193"}],"wp:attachment":[{"href":"https:\/\/isarmarathon.de\/index.php?rest_route=%2Fwp%2Fv2%2Fmedia&parent=163"}],"curies":[{"name":"wp","href":"https:\/\/api.w.org\/{rel}","templated":true}]}}

Samstag, 18.7.2020 in Füssen

<p><em><strong>Resumee:</strong></em><br>An einem perfekten Tag mit nicht zu heißen Temperaturen konnten wir einen schönen Marathon um Füssen herum laufen.  Beeindruckend, wie oft man die Königsschlösser sehen konnte. Einen schönen Laufbericht gibt es hier: </p>



<p><a href="https://team-tomj.de/berichte/2020/berichte_20-07_fuessen_A.html">https://team-tomj.de/berichte/2020/berichte_20-07_fuessen_A.html</a></p>



<div class="wp-block-group"><div class="wp-block-group__inner-container is-layout-flow wp-block-group-is-layout-flow">
<p><strong>Ergebnisse:</strong></p>
</div></div>



<figure class="wp-block-table is-style-stripes"><table><tbody><tr><td><strong>Platz</strong></td><td><strong>Name</strong></td><td><strong>Vorname</strong></td><td><strong>Verein/Ort</strong></td><td><strong>Zeit</strong></td></tr><tr><td>1.</td><td>Behrens</td><td>Axel</td><td>RKV Denkendorf</td><td>5:07:16</td></tr><tr><td>2.</td><td>Bettingen</td><td>Andreas</td><td>München</td><td>5:07:27</td></tr><tr><td>3.</td><td>Schick</td><td>Andy</td><td>LT Unterensingen</td><td>5:20:58</td></tr><tr><td>3.</td><td>Berger</td><td>Charly</td><td>Team TOMJ</td><td>5:20:58</td></tr><tr><td>5.</td><td>Englerth</td><td>Jürgen</td><td>Trail WhippAss</td><td>5:51:01</td></tr><tr><td>6.</td><td>Pielok</td><td>Alois</td><td></td><td>5:51:36</td></tr><tr><td>6.</td><td>Manhard</td><td>Bernie</td><td>Team TOMJ</td><td>5:51:36</td></tr><tr><td>8.</td><td>Greppmeir</td><td>Andreas</td><td>Team TOMJ</td><td>6:18:09</td></tr><tr><td>DNF</td><td>Ott</td><td>Axel</td><td></td><td></td></tr><tr><td></td><td></td><td></td><td></td><td></td></tr><tr><td></td><td></td><td></td><td></td><td></td></tr><tr><td><strong>Platz</strong></td><td><strong>Name</strong></td><td><strong>Vorname</strong></td><td><strong>Verein/Ort</strong></td><td><strong>Zeit</strong></td></tr><tr><td>1.</td><td>Strack</td><td>Judith</td><td>München</td><td>5:07:24</td></tr><tr><td>2.</td><td>Schramm</td><td>Kati</td><td></td><td>6:18:09</td></tr></tbody></table></figure>



<p><strong>Datum:</strong><br>Der Lauf fand am Samstag, 18.7.2020 statt.</p>



<p><strong>Startzeit/Zeitlimit:</strong><br>Startzeit ist um 10:00. Kein Zeitlimit, jedoch muss der Marathon in einem Stück abgeschlossen werden.</p>



<p><strong>Strecke</strong><br>Die Strecke entspricht der offiziellen Füssen Romantikmarathonstrecke. <img loading="lazy" decoding="async" width="600" height="488" class="wp-image-165" style="width: 600px;" src="https://isarmarathon.de/wp-content/uploads/2020/07/Fuessen.jpg" alt="" srcset="https://isarmarathon.de/wp-content/uploads/2020/07/Fuessen.jpg 728w, https://isarmarathon.de/wp-content/uploads/2020/07/Fuessen-300x244.jpg 300w" sizes="auto, (max-width: 600px) 100vw, 600px" /></p>



<p>Den LäuferInnen wird ein GPS-Track zur Verfügung gestellt. Es wird darum gebeten, an den wenigen Straßenquerungen sehr vorsichtig zu sein. Ansonsten verläuft der Marathon auf Geh/Radwegen entlang von Straßen, kleinen Sträßlein mit hoffentlich wenig Verkehr und Schotterwegen.</p>



<p><strong>Start- und Ziel</strong>,<strong> Gepäckaufbewahrung:</strong><br>Start ist in Füssen in der Kemptener Straße auf dem nördlichen Fußweg fast an der Luitpoldstraße., keine Gepäckaufbewahrung.</p>



<p><strong>Anfahrt:</strong><br>Der Start liegt nicht weit entfernt vom Bahnhof in Füssen. Wer mit dem Auto kommt, kann en großen Morisse-Parkplatz (gebührenpflichtig) benutzen.  Weiter stadtauswärts kann man auch kostenlos parken.</p>



<p><strong>Verpflegung:</strong><br>Keine Verpflegung durch den Organisator.  Aufgrund der warmen Witterung sollte genug Wasser mitgenommen werden. Eventuell kann man bei Kilometer 3 eine Flasche deponieren (verstecken). Dort kommt man bei Kilometer 16 wieder vorbei. Am Campingplatz bei km 26 soll es einen Brunnen geben. Ich werde noch versuchen herauszubekommen, ob man ihn nutzen darf. Bei km 36 kann man notfalls 200 Meter zum großen Parkplatz Hohenschwangau weiterlaufen. Dort gibt es Toiletten und unzählige Restaurants und Geschäfte.</p>



<p><strong>Toiletten/Duschen:</strong><br>Am Start gib es einige Cafes mit Toiletten, auch für das kleine Frühstück. Eventuell auch am Morisse Parkplatz.<br>Nach dem Lauf kann man am Forggensee oder Hopfensee baden.</p>



<p><strong>Zeitnahme:</strong><br>Selbständig per Laufuhr. Der GPS-Track dient als Nachweis der Zeit und der Kilometer</p>



<p><strong>Startgebühr:</strong><br>Keine. keine Spende</p>



<p><strong>Anerkennung:</strong><br>Urkunde per mail</p>



<p><strong>Teilnehmerlimit:</strong><br>mindestens 3, maximal 20 – Mindestalter 18 Jahre</p>



<p><strong>Ergebnisliste:</strong><br>Hier auf der Seite</p>



<p><strong>Anmeldung:</strong><br>bis 12 Stunden vor Start; unter Angabe von Vorname, Nachname, Ort und Verein per Mail. Keine Nachmeldungen.</p>



<p><strong>Kontakt/weitereInformationen:</strong><br>kontakt@isarmarathon.de</p>



<p><strong>Haftungsausschlüsse und notwendige Erklärungen der Teilnehmer:</strong><br>1. Der Veranstalter übernimmt für Unfälle und Verletzungen aller Art sowie Diebstahl oder sonstige Schäden keine Haftung. Die Teilnahme erfolgt auf eigenes Risiko.</p>



<p>2. Der Teilnehmer erklärt, dass er die zum Zeitpunkt des Laufs gültigen bayrischen Kontaktbeschränkungen und weitere gesetzlichen Vorgaben im Rahmen der Corona-Pandemie einhält.</p>



<p>3. Der Teilnehmer erklärt, dass er einen für die Absolvierung des Laufs ausreichenden Trainings- und Gesundheitszustand besitzt und mehre Marathons im Jahr läuft.&nbsp;Eine medizinische Betreuung wird nicht organisiert.</p>



<p>4.&nbsp;Es gilt die Straßenverkehrsordnung. Am Tierpark (Nordrunde) kann eine Straße über einen Zebrastreifen überquert werden oder unterquert über einen stark befahrenen Radweg. Ansonsten handelt es sich um einen Fuß-/Radweg. Es wird in München rechts gelaufen.</p>



<p>5. Sollten sich die rechtlichen Rahmenbedingungen (Notverordnung) ändern kann der Lauf abgesagt werden.</p>



<p>6. Der Teilnehmer bestätigt mit seiner Anmeldung, dass er damit einverstanden ist, dass sämtliche Fotos und Videos, die im Zusammenhang mit dem Lauf stehen, ohne Vergütungsansprüche genutzt werden dürfen .</p>

<p>Resumee:An einem perfekten Tag mit nicht zu heißen Temperaturen konnten wir einen schönen Marathon um Füssen herum laufen. Beeindruckend, wie oft man die Königsschlösser sehen konnte. Einen schönen Laufbericht gibt es hier: https://team-tomj.de/berichte/2020/berichte_20-07_fuessen_A.html Ergebnisse: Platz Name Vorname Verein/Ort Zeit 1. Behrens Axel RKV Denkendorf 5:07:16 2. Bettingen Andreas München 5:07:27 3. Schick Andy LT Unterensingen &hellip; </p>
<p class="link-more"><a href="https://isarmarathon.de/?page_id=163" class="more-link"><span class="screen-reader-text">„Samstag, 18.7.2020 in Füssen“ </span>weiterlesen</a></p>
