{"id":457,"date":"2022-02-13T18:46:44","date_gmt":"2022-02-13T16:46:44","guid":{"rendered":"https:\/\/isarmarathon.de\/?page_id=457"},"modified":"2022-05-21T18:41:00","modified_gmt":"2022-05-21T16:41:00","slug":"1-munich-urban-trail-mucut-ostersamstag-16-4-2022-ausschreibung","status":"publish","type":"page","link":"https:\/\/isarmarathon.de\/?page_id=457","title":{"rendered":"1. Munich Urban Trail &#8211; MUCUT, Ostersamstag, 16.4.2022 -Ergebnisse\/Ausschreibung"},"content":{"rendered":"\n<p>Es ist soweit. Der erste Urban Trail Marathon in M\u00fcnchen. Wie immer sind Start und Ziel am Volksbad. Dann geht es in einer gro\u00dfen Runde zu den Aussichtspunkten und vielen Sehensw\u00fcrdigkeiten von M\u00fcnchen. Nat\u00fcrlich mit einigen H\u00f6henmetern und Treppenstufen. Die Route ist so gew\u00e4hlt, dass nur sehr wenige Stra\u00dfen \u00fcber Ampeln gequert werden m\u00fcssen. Meist sind es Br\u00fccken oder es geht durch Fu\u00dfg\u00e4ngerunterf\u00fchrungen oder U-Bahn-Verteilergeschosse (evtl. Maskenpflicht!).<br><br>Einen Laufbericht mit vielen Fotos gibt es bei <a href=\"https:\/\/www.team-tomj.de\/berichte\/2022\/berichte_22-034_Munich-Urban-Trail.html\">team-tomj.<\/a><\/p>\n\n\n\n<figure class=\"wp-block-image size-full\"><img loading=\"lazy\" decoding=\"async\" width=\"820\" height=\"770\" src=\"https:\/\/isarmarathon.de\/wp-content\/uploads\/2022\/02\/Bildschirmfoto-2022-02-13-um-16.45.14.png\" alt=\"\" class=\"wp-image-459\" srcset=\"https:\/\/isarmarathon.de\/wp-content\/uploads\/2022\/02\/Bildschirmfoto-2022-02-13-um-16.45.14.png 820w, https:\/\/isarmarathon.de\/wp-content\/uploads\/2022\/02\/Bildschirmfoto-2022-02-13-um-16.45.14-300x282.png 300w, https:\/\/isarmarathon.de\/wp-content\/uploads\/2022\/02\/Bildschirmfoto-2022-02-13-um-16.45.14-768x721.png 768w\" sizes=\"auto, (max-width: 767px) 89vw, (max-width: 1000px) 54vw, (max-width: 1071px) 543px, 580px\" \/><figcaption>Stand 13.2.2022. \u00c4nderungen noch m\u00f6glich. <\/figcaption><\/figure>\n\n\n\n<p><strong>Ergebnisse:<\/strong><\/p>\n\n\n\n<figure class=\"wp-block-table is-style-stripes\"><table><tbody><tr><td><strong>Platz<\/strong><\/td><td><strong>Name<\/strong><\/td><td><strong>Vorname<\/strong><\/td><td><strong>Ort\/Verein<\/strong><\/td><td><strong>Zeit<\/strong><\/td><\/tr><tr> \n<\/tr><tr><td>1.<\/td><td>Klinger<\/td><td>Thomas<\/td><td>M\u00fcnchen, RC Abschnitt Mitte<\/td><td>5:48:26<\/td><\/tr>\n<tr><td>2.<\/td><td>Strack<\/td><td>Judith<\/td><td>M\u00fcnchen<\/td><td>5:59:44<\/td><\/tr><tr><td>3.<\/td><td>Greppmeir<\/td><td>Andreas<\/td><td>Mering, Team TOMJ<\/td><td>6:17:53<\/td><\/tr>\n<tr><td>3.<\/td><td>Bettingen<\/td><td>Andreas<\/td><td>M\u00fcnchen<\/td><td>6:17:53<\/td><\/tr>\n<tr><td><\/td><td><\/td><td><\/td><td><\/td><td><\/td><\/tr>\n<tr><td><\/td><td>Manhard<\/td><td>Bernie<\/td><td>Kissing, Team TOMJ<\/td><td>DNS<\/td><\/tr>\n<tr><td><\/td><td>Ott<\/td><td>Axel<\/td><td>3Asse<\/td><td>DNS<\/td><\/tr>\n<tr><td><\/td><td>Fender<\/td><td>Birgit<\/td><td>Rutesheim<\/td><td>DNS<\/td><\/tr>\n<tr><td><\/td><td>Fender<\/td><td>Norbert<\/td><td>Rutesheim<\/td><td>DNS<\/td><\/tr>\n<tr><td><\/td><td>Schick<\/td><td>Andy<\/td><td>3 Asse<\/td><td>DNS<\/td><\/tr>\n<tr><td><\/td><td>Zhang<\/td><td>Martin<\/td><td>Innsbruck, 100 MC<\/td><td>DNS<\/td><\/tr>\n<\/tbody><\/table><\/figure>\n\n\n\n<p><strong>Datum:<\/strong><br>Der Lauf fand  am Ostersamstag, 16.4.2022 statt. <\/p>\n\n\n\n<p><strong>Startzeit\/Zeitlimit:<\/strong><br>Startzeit wr um 10:00. Kein Zeitlimit, jedoch muss der Marathon in einem St\u00fcck abgeschlossen werden.<\/p>\n\n\n\n<p><strong>Strecke<\/strong><br>Beschreibung siehe oben.<\/p>\n\n\n\n<p>Die Strecke ist durch mehrere L\u00e4ufe mit unterschiedlichen Laufuhren vermessen und gute 43 km lang. H\u00f6henmeter ungef\u00e4hr 200, die Anstiege (Luitpoldberg, Olympiaberg, Isar Hochufer) sind meistens nur 10 bis 20 H\u00f6henmeter hoch.<br>F\u00fcr die Teilnehmer gibt es eine Beschreibung und GPX-Streckendatei. <\/p>\n\n\n\n<p><strong>Start- und Ziel<\/strong>,<strong> Gep\u00e4ckaufbewahrung:<\/strong><br>Start und Ziel liegen am Volksbad. Keine Gep\u00e4ckaufbewahrung<\/p>\n\n\n\n<p><strong>Anfahrt:<\/strong><br>M\u00fcllersches Volksbad an der Ludwigsbr\u00fccke. Zufahrt nur von Osten kommend. Vor dem Bad scharf rechts nach unten.<br>S-Bahn Isartor (ist in einem Bahnticket bis M\u00fcnchen enthalten!) <\/p>\n\n\n\n<p><strong>Verpflegung:<\/strong><br>Keine Verpflegung durch den Organisator. WC-Anlagen und Wasserbrunnen an der Strecke.<\/p>\n\n\n\n<p><strong>Toiletten\/Duschen:<\/strong><br>Ein Toilettenh\u00e4uschen. Nach dem Lauf kann man im Volksbad schwimmen. Ein Becken ist relativ warm. Sauna und Dampfbad sind ebenfalls vorhanden.<\/p>\n\n\n\n<p><strong>Zeitnahme:<\/strong><br>Selbst\u00e4ndig per Laufuhr. Der GPS-Track dient als Nachweis der Zeit und der Kilometer. <\/p>\n\n\n\n<p><strong>Startgeb\u00fchr:<\/strong><br>Keine. Keine Spende<\/p>\n\n\n\n<p><strong>Anerkennung:<\/strong><br>Urkunde per mail<\/p>\n\n\n\n<p><strong>Teilnehmerlimit:<\/strong><br>mindestens 3, maximal 10  \u2013 Mindestalter 18 Jahre<\/p>\n\n\n\n<p><strong>Ergebnisliste:<\/strong><br>Hier auf der Seite<\/p>\n\n\n\n<p><strong>Anmeldung:<\/strong><br>bis 12 Stunden vor Start; unter Angabe von Vorname, Nachname, Ort und Verein per Mail. <\/p>\n\n\n\n<p><strong>Kontakt\/weitere Informationen:<\/strong><br>kontakt@isarmarathon.de<\/p>\n\n\n\n<p><strong>Haftungsausschl\u00fcsse und notwendige Erkl\u00e4rungen der Teilnehmer:<\/strong><br>1. Der Veranstalter \u00fcbernimmt f\u00fcr Unf\u00e4lle und Verletzungen aller Art sowie Diebstahl oder sonstige Sch\u00e4den keine Haftung. Die Teilnahme erfolgt auf eigenes Risiko.<\/p>\n\n\n\n<p>2. Der Teilnehmer erkl\u00e4rt, dass er die zum Zeitpunkt des Laufs g\u00fcltigen bayerischen Kontaktbeschr\u00e4nkungen und weitere gesetzlichen Vorgaben im Rahmen der Corona-Pandemie einh\u00e4lt. <\/p>\n\n\n\n<p>3. Der Teilnehmer erkl\u00e4rt, dass er einen f\u00fcr die Absolvierung des Laufs ausreichenden Trainings- und Gesundheitszustand besitzt und mehre Marathons im Jahr l\u00e4uft.&nbsp;Eine medizinische Betreuung wird nicht organisiert.<\/p>\n\n\n\n<p>4.&nbsp;Es gilt die Stra\u00dfenverkehrsordnung. Es werden mehrere Stra\u00dfen gequert. Oft werden Fu\u00dfg\u00e4nger und Radfahrer auf dem gleichen Weg unterwegs sein. Bitte vorsichtig sein.<\/p>\n\n\n\n<p>5. Sollten sich die rechtlichen Rahmenbedingungen \u00e4ndern, kann der Lauf abgesagt werden.<\/p>\n\n\n\n<p>6. Der Teilnehmer best\u00e4tigt mit seiner Anmeldung, dass er damit einverstanden ist, dass s\u00e4mtliche Fotos und Videos, die im Zusammenhang mit dem Lauf stehen, ohne Verg\u00fctungsanspr\u00fcche genutzt werden d\u00fcrfen .<\/p>\n","protected":false},"excerpt":{"rendered":"<p>Es ist soweit. Der erste Urban Trail Marathon in M\u00fcnchen. Wie immer sind Start und Ziel am Volksbad. Dann geht es in einer gro\u00dfen Runde zu den Aussichtspunkten und vielen Sehensw\u00fcrdigkeiten von M\u00fcnchen. Nat\u00fcrlich mit einigen H\u00f6henmetern und Treppenstufen. Die Route ist so gew\u00e4hlt, dass nur sehr wenige Stra\u00dfen \u00fcber Ampeln gequert werden m\u00fcssen. Meist &hellip; <\/p>\n<p class=\"link-more\"><a href=\"https:\/\/isarmarathon.de\/?page_id=457\" class=\"more-link\"><span class=\"screen-reader-text\">\u201e1. Munich Urban Trail &#8211; MUCUT, Ostersamstag, 16.4.2022 -Ergebnisse\/Ausschreibung\u201c <\/span>weiterlesen<\/a><\/p>\n","protected":false},"author":1,"featured_media":483,"parent":0,"menu_order":0,"comment_status":"closed","ping_status":"closed","template":"","meta":{"footnotes":""},"class_list":["post-457","page","type-page","status-publish","has-post-thumbnail","hentry"],"_links":{"self":[{"href":"https:\/\/isarmarathon.de\/index.php?rest_route=\/wp\/v2\/pages\/457","targetHints":{"allow":["GET"]}}],"collection":[{"href":"https:\/\/isarmarathon.de\/index.php?rest_route=\/wp\/v2\/pages"}],"about":[{"href":"https:\/\/isarmarathon.de\/index.php?rest_route=\/wp\/v2\/types\/page"}],"author":[{"embeddable":true,"href":"https:\/\/isarmarathon.de\/index.php?rest_route=\/wp\/v2\/users\/1"}],"replies":[{"embeddable":true,"href":"https:\/\/isarmarathon.de\/index.php?rest_route=%2Fwp%2Fv2%2Fcomments&post=457"}],"version-history":[{"count":12,"href":"https:\/\/isarmarathon.de\/index.php?rest_route=\/wp\/v2\/pages\/457\/revisions"}],"predecessor-version":[{"id":495,"href":"https:\/\/isarmarathon.de\/index.php?rest_route=\/wp\/v2\/pages\/457\/revisions\/495"}],"wp:featuredmedia":[{"embeddable":true,"href":"https:\/\/isarmarathon.de\/index.php?rest_route=\/wp\/v2\/media\/483"}],"wp:attachment":[{"href":"https:\/\/isarmarathon.de\/index.php?rest_route=%2Fwp%2Fv2%2Fmedia&parent=457"}],"curies":[{"name":"wp","href":"https:\/\/api.w.org\/{rel}","templated":true}]}}