{"id":577,"date":"2023-05-14T14:58:20","date_gmt":"2023-05-14T12:58:20","guid":{"rendered":"https:\/\/isarmarathon.de\/?page_id=577"},"modified":"2023-05-30T22:31:50","modified_gmt":"2023-05-30T20:31:50","slug":"7-isar-sued-marathon-pfingstmontag-29-5-2023","status":"publish","type":"page","link":"https:\/\/isarmarathon.de\/?page_id=577","title":{"rendered":"7. Isar-S\u00fcd Marathon, Pfingstmontag, 29.5.2023"},"content":{"rendered":"\n<p>Vom M\u00fcnchner Zentrum an der Isar entlang nach S\u00fcden bis hinter den Georgenstein in der Isar.. Den Isarhang hinauf und durch Baierbrunn, Pullach zur\u00fcck nach M\u00fcnchen. Dann noch ein St\u00fcck an der Isar nach Norden zum Mittleren Ring und zur\u00fcck zum Start<\/p>\n\n\n\n<p>Berichte von einem Vorg\u00e4ngerlauf gibt es <a rel=\"noreferrer noopener\" href=\"https:\/\/team-tomj.de\/berichte\/2020\/berichte_20-08_isar.html\" target=\"_blank\">hier<\/a>, <a rel=\"noreferrer noopener\" href=\"https:\/\/team-tomj.de\/berichte\/2020\/berichte_20-06_isar_B.html\" target=\"_blank\">hier <\/a>und <a rel=\"noreferrer noopener\" href=\"https:\/\/team-tomj.de\/berichte\/2020\/berichte_20-06_isar_A.html\" target=\"_blank\">hier<\/a>.<\/p>\n\n\n\n<p><strong>Ergebnisse Marathon:<\/strong><\/p>\n\n\n\n<figure class=\"wp-block-table is-style-stripes\"><table><tbody><tr><td><strong>Platz<\/strong><\/td><td><strong>Name<\/strong><\/td><td><strong>Vorname<\/strong><\/td><td><strong>Verein\/Ort<\/strong><\/td><td><strong>Zeit<\/strong><\/td><\/tr>\n<tr><td>1<\/td><td>Klinger<\/td><td>Thomas<\/td><td>M\u00fcnchen, RC Abschnitt Mitte<\/td><td>4:53:54<\/td><\/tr>\n<tr><td>2<\/td><td>Krauss<\/td><td>Roland<\/td><td>LG Ultralauf, Kammerstein<\/td><td>5:21:31<\/td><\/tr>\n<tr><td>3-F1<\/td><td>Strack<\/td><td> Judith<\/td><td>M\u00fcnchen<\/td><td>5:34:16<\/td><\/tr>\n<tr><td>3<\/td><td>Bettingen<\/td><td>Andreas<\/td><td>M\u00fcnchen<\/td><td>5:34:16<\/td><\/tr>\n<\/tbody><\/table><\/figure>\n\n\n\n<p><strong>Ergebnisse 24K:<\/strong><\/p>\n\n\n\n<figure class=\"wp-block-table is-style-stripes\"><table><tbody><tr><td><strong>Platz<\/strong><\/td><td><strong>Name<\/strong><\/td><td><strong>Vorname<\/strong><\/td><td><strong>Verein\/Ort<\/strong><\/td><td><strong>Zeit<\/strong><\/td><\/tr>\n<tr><td>1<\/td><td>Greppmeir<\/td><td>Andreas<\/td><td>Team TOMJ, Mering<\/td><td>3:36:21<\/td><\/tr><\/tbody><\/table><\/figure>\n\n\n\n<p><strong>Ergebnisse Wanderung Waldwirtschaft Halbmarathon:<\/strong><\/p>\n\n\n\n<figure class=\"wp-block-table is-style-stripes\"><table><tbody><tr><td><strong>Platz<\/strong><\/td><td><strong>Name<\/strong><\/td><td><strong>Vorname<\/strong><\/td><td><strong>Verein\/Ort<\/strong><\/td><td><strong>Zeit<\/strong><\/td><\/tr>\n<tr><td>1<\/td><td>Bernie<\/td><td>Manhard<\/td><td>Team TOMJ, Kissing<\/td><td>3:45:00<\/td><\/tr><tr><td>1<\/td><td>Greppmeir<\/td><td>Silke<\/td><td>Team TOMJ, Mering<\/td><td>3:45:00<\/td><\/tr><\/tbody><\/table><\/figure>\n\n\n\n<p><strong>Datum:<\/strong><br>Der Lauf findet  am Pfingstmontag, 29.5.2023 statt, Start um 9:00.<\/p>\n\n\n\n<p><strong>Strecke<\/strong><br>Die Strecke f\u00fchrt meist an der Isar entlang oder durch sch\u00f6ne Wohnviertel.<\/p>\n\n\n\n<p>Start auf dem Wehr beim Volksbad an der Isar, dann 16 Kilometer am Fluss nach S\u00fcden bis kurz hinter dem Georgenstein. Hinauf nach Buchenhain und \u00fcber Pullach und die Gro\u00dfhesseloher Br\u00fccke zur\u00fcck nach M\u00fcnchen. \u00dcber die alte Isartalbahnstrecke nach Thalkirchen, \u00fcber den Flauchersteg, zur\u00fcck zum Volksband und dann noch 3 Kilometer bis zur John F. Kennedy Br\u00fccke. Von dort zur\u00fcck zum Volksbad. Den L\u00e4uferInnen wird ein GPS-Track, plus Info zur Verf\u00fcgung gestellt. &nbsp;Damit kann der Weg mit einer Laufuhr mit Routingfunktion absolviert werden.&nbsp;Nur eine Ampel an der Baustelle Max-Josephs-Br\u00fccke.<br>Die Strecke ist unmarkiert. <\/p>\n\n\n\n<p>Die Strecke ist durch die Isar-Kilometermarkierung quasi amtlich vermessen und gute 42,3 km lang.<\/p>\n\n\n\n<figure class=\"wp-block-image size-large\"><img loading=\"lazy\" decoding=\"async\" width=\"670\" height=\"1024\" src=\"https:\/\/isarmarathon.de\/wp-content\/uploads\/2023\/05\/Bildschirmfoto-2023-05-29-um-21.03.21-670x1024.png\" alt=\"\" class=\"wp-image-588\" srcset=\"https:\/\/isarmarathon.de\/wp-content\/uploads\/2023\/05\/Bildschirmfoto-2023-05-29-um-21.03.21-670x1024.png 670w, https:\/\/isarmarathon.de\/wp-content\/uploads\/2023\/05\/Bildschirmfoto-2023-05-29-um-21.03.21-196x300.png 196w, https:\/\/isarmarathon.de\/wp-content\/uploads\/2023\/05\/Bildschirmfoto-2023-05-29-um-21.03.21-768x1174.png 768w, https:\/\/isarmarathon.de\/wp-content\/uploads\/2023\/05\/Bildschirmfoto-2023-05-29-um-21.03.21.png 852w\" sizes=\"auto, (max-width: 670px) 100vw, 670px\" \/><\/figure>\n\n\n\n<p><strong>Start- und Ziel<\/strong>,<strong> Gep\u00e4ckaufbewahrung:<\/strong><br>Start und Ziel an der Muffathalle M\u00fcnchen, neben dem Volksbad. Keine Gep\u00e4ckaufbewahrung.<\/p>\n\n\n\n<p><strong>Anfahrt:<\/strong><br>Mit der S-Bahn (alle Linien) zur Haltestelle Rosenheimer Platz. Ausgang Gasteig und dann hinunter zur Isar. Rechts vor dem Volksbad zur Muffathalle. Dort an der Isar ist Start und Ziel. Per Auto nur von Osten kommend rechts abbiegen. Dort gibt es einen kleinen Parkplatz. Wer \u00fcber die Ludwigsbr\u00fccke von Westen kommt, kann in der Baustelle wenden und dann vor dem Volksbad nach rechts abbiegen..&nbsp;<\/p>\n\n\n\n<p><strong>Verpflegung:<\/strong><br>Keine Verpflegung durch den Organisator. In Pullach gibt es einige B\u00e4cker und Cafes, einen Trinkwasserbrunnen. Auf der anderen Seite der Gro\u00dfhesseloher Br\u00fccke kann man links die Treppe hoch, dann 50 Meter weiter gibt es einen Brunnen mit Leitungswasser der in Betrieb ist. Weiter dann am Flaucher im M\u00fcnchen. Danach auf der Innenstadtstrecke mehrere Kioske. Am Ziel befindet sich der Muffatbiergarten. Besonders bei warmen Temperaturen sollte jeder eigenverantwortlich genug trinken.<\/p>\n\n\n\n<p><strong>Toiletten\/Duschen:<\/strong><br>Am Start steht eine (brandneue) Dixi-Toilette zur Verf\u00fcgung. Auf der S\u00fcdrunde unz\u00e4hlige H\u00e4uschen an der Strecke. Auf der Nordrunde viel Natur.<br>Duschen und Baden im Volksbad (Kleine Halle mit 30 Grad) oder in der Isar, zur Zeit \u00fcber 6 Grad.<\/p>\n\n\n\n<p><strong>Zeitnahme:<\/strong><br>Selbst\u00e4ndig per Laufuhr. Der GPS-Track dient als Nachweis der Zeit und der Kilometer<\/p>\n\n\n\n<p><strong>Teilnehmerlimit:<\/strong><br>mindestens 3  \u2013 Mindestalter 18 Jahre<\/p>\n\n\n\n<p><strong>Kontakt\/weitereInformationen:<\/strong><br>kontakt@isarmarathon.de<\/p>\n\n\n\n<p><strong>Haftungsausschl\u00fcsse und notwendige Erkl\u00e4rungen der Teilnehmer:<\/strong><br>1. Der Veranstalter \u00fcbernimmt f\u00fcr Unf\u00e4lle und Verletzungen aller Art sowie Diebstahl oder sonstige Sch\u00e4den keine Haftung. Die Teilnahme erfolgt auf eigenes Risiko.<\/p>\n\n\n\n<p>2. Der Teilnehmer erkl\u00e4rt, dass er die zum Zeitpunkt des Laufs g\u00fcltigen bayrischen Kontaktbeschr\u00e4nkungen und weitere gesetzlichen Vorgaben im Rahmen der Corona-Pandemie einh\u00e4lt. <\/p>\n\n\n\n<p>3. Der Teilnehmer erkl\u00e4rt, dass er einen f\u00fcr die Absolvierung des Laufs ausreichenden Trainings- und Gesundheitszustand besitzt und mehre Marathons im Jahr l\u00e4uft.&nbsp;Eine medizinische Betreuung wird nicht organisiert.<\/p>\n\n\n\n<p>4.&nbsp;Es gilt die Stra\u00dfenverkehrsordnung. Oft werden Stra\u00dfen durch Unterf\u00fchrungen gequert. Es gibt aber auch ampelgesicherte Kreuzungen. Es wird in M\u00fcnchen rechts gelaufen.<\/p>\n\n\n\n<p>5. Der Teilnehmer best\u00e4tigt mit seiner Anmeldung, dass er damit einverstanden ist, dass s\u00e4mtliche Fotos und Videos, die im Zusammenhang mit dem Lauf stehen, ohne Verg\u00fctungsanspr\u00fcche genutzt werden d\u00fcrfen .<\/p>\n","protected":false},"excerpt":{"rendered":"<p>Vom M\u00fcnchner Zentrum an der Isar entlang nach S\u00fcden bis hinter den Georgenstein in der Isar.. Den Isarhang hinauf und durch Baierbrunn, Pullach zur\u00fcck nach M\u00fcnchen. Dann noch ein St\u00fcck an der Isar nach Norden zum Mittleren Ring und zur\u00fcck zum Start Berichte von einem Vorg\u00e4ngerlauf gibt es hier, hier und hier. Ergebnisse Marathon: Platz &hellip; <\/p>\n<p class=\"link-more\"><a href=\"https:\/\/isarmarathon.de\/?page_id=577\" class=\"more-link\"><span class=\"screen-reader-text\">\u201e7. Isar-S\u00fcd Marathon, Pfingstmontag, 29.5.2023\u201c <\/span>weiterlesen<\/a><\/p>\n","protected":false},"author":1,"featured_media":593,"parent":0,"menu_order":0,"comment_status":"closed","ping_status":"closed","template":"","meta":{"footnotes":""},"class_list":["post-577","page","type-page","status-publish","has-post-thumbnail","hentry"],"_links":{"self":[{"href":"https:\/\/isarmarathon.de\/index.php?rest_route=\/wp\/v2\/pages\/577","targetHints":{"allow":["GET"]}}],"collection":[{"href":"https:\/\/isarmarathon.de\/index.php?rest_route=\/wp\/v2\/pages"}],"about":[{"href":"https:\/\/isarmarathon.de\/index.php?rest_route=\/wp\/v2\/types\/page"}],"author":[{"embeddable":true,"href":"https:\/\/isarmarathon.de\/index.php?rest_route=\/wp\/v2\/users\/1"}],"replies":[{"embeddable":true,"href":"https:\/\/isarmarathon.de\/index.php?rest_route=%2Fwp%2Fv2%2Fcomments&post=577"}],"version-history":[{"count":6,"href":"https:\/\/isarmarathon.de\/index.php?rest_route=\/wp\/v2\/pages\/577\/revisions"}],"predecessor-version":[{"id":592,"href":"https:\/\/isarmarathon.de\/index.php?rest_route=\/wp\/v2\/pages\/577\/revisions\/592"}],"wp:featuredmedia":[{"embeddable":true,"href":"https:\/\/isarmarathon.de\/index.php?rest_route=\/wp\/v2\/media\/593"}],"wp:attachment":[{"href":"https:\/\/isarmarathon.de\/index.php?rest_route=%2Fwp%2Fv2%2Fmedia&parent=577"}],"curies":[{"name":"wp","href":"https:\/\/api.w.org\/{rel}","templated":true}]}}