{"id":595,"date":"2023-07-16T15:30:32","date_gmt":"2023-07-16T13:30:32","guid":{"rendered":"https:\/\/isarmarathon.de\/?page_id=595"},"modified":"2023-08-06T22:50:27","modified_gmt":"2023-08-06T20:50:27","slug":"1-starnberger-see-ultra-sonntag-8-6-2023","status":"publish","type":"page","link":"https:\/\/isarmarathon.de\/?page_id=595","title":{"rendered":"1. Starnberger See Ultra, Sonntag 6.8.2023"},"content":{"rendered":"\n<p>Von Starnberg einmal um den Starnberger See. 50 Kilometer.<\/p>\n\n\n\n<p>Zus\u00e4tzlich wird die M\u00f6glichkeit angeboten, die Strecke vorzeitig zu beenden. Dann gibt es eine Urkunde \u00fcber die Teilstrecke. Also beispielsweise Bernried oder Seeshaupt mit Zug oder Schiffsanschluss.<\/p>\n\n\n\n<p><strong>Ergebnisse Ultra:<\/strong> <\/p>\n\n\n\n<figure class=\"wp-block-table is-style-stripes\"><table><tbody><tr><td><strong>Platz<\/strong><\/td><td><strong>Name<\/strong><\/td><td><strong>Vorname<\/strong><\/td><td><strong>Verein\/Ort<\/strong><\/td><td><strong>Zeit<\/strong><\/td><\/tr>\n<tr><td>1<\/td><td>Krauss<\/td><td>Roland<\/td><td>LG Ultralauf, Kammerstein<\/td><td>6:03:50<\/td><\/tr>\n<tr><td>2<\/td><td>Klinger<\/td><td>Thomas<\/td><td>M\u00fcnchen, RC Abschnitt Mitte<\/td><td>6:10:22<\/td><\/tr>\n<tr><td>3<\/td><td>Pitsch<\/td><td>Udo<\/td><td>Augsburg<\/td><td>6:24:13<\/td><\/tr>\n<tr><td>4<\/td><td>Bettingen<\/td><td>Andreas<\/td><td>M\u00fcnchen<\/td><td>6:45:52<\/td><\/tr>\n<tr><td>W1<\/td><td>Strack<\/td><td> Judith<\/td><td>M\u00fcnchen<\/td><td>6:45:58<\/td><\/tr>\n<tr><td>&#8211;<\/td><td>Berger<\/td><td>Charly<\/td><td>Friedberg, Team TOMJ<\/td><td>DNS<\/td>\n<\/tr>\n\n<\/tbody><\/table><\/figure>\n\n\n\n<p><strong>Datum:<\/strong><br>Der Lauf fand am Sonntag, 6.8.2023 statt, Start um 9:00.<\/p>\n\n\n\n<p><strong>Strecke<\/strong><br>Die Strecke f\u00fchrt meist am Starnberger See entlang. Oft ohne Autoverkehr oder auf einem Gehweg, aber teilweise mit Radverkehr.<\/p>\n\n\n\n<p>Die Starnberger See Wanderung der Abendzeitung war in den 1980ern legend\u00e4r und auch heute gibt es noch mindestens zwei Wanderveranstaltungen. Die Entfernung wird immer mit 50 Kilometern angegeben.<\/p>\n\n\n\n<p>Die genaue Strecke wird noch festgelegt. Eine GPX-Datei zur Verf\u00fcgung gestellt.<\/p>\n\n\n\n<figure class=\"wp-block-image size-large is-style-default\"><img loading=\"lazy\" decoding=\"async\" width=\"463\" height=\"1024\" src=\"https:\/\/isarmarathon.de\/wp-content\/uploads\/2023\/07\/Bildschirmfoto-2023-07-16-um-15.24.13-463x1024.png\" alt=\"\" class=\"wp-image-596\" srcset=\"https:\/\/isarmarathon.de\/wp-content\/uploads\/2023\/07\/Bildschirmfoto-2023-07-16-um-15.24.13-463x1024.png 463w, https:\/\/isarmarathon.de\/wp-content\/uploads\/2023\/07\/Bildschirmfoto-2023-07-16-um-15.24.13-136x300.png 136w, https:\/\/isarmarathon.de\/wp-content\/uploads\/2023\/07\/Bildschirmfoto-2023-07-16-um-15.24.13.png 480w\" sizes=\"auto, (max-width: 463px) 100vw, 463px\" \/><\/figure>\n\n\n\n<p><strong>Start- und Ziel<\/strong>,<strong> Gep\u00e4ckaufbewahrung:<\/strong><br>Start und Ziel am Seebad Starnberg. Keine Gep\u00e4ckaufbewahrung.<\/p>\n\n\n\n<p><strong>Anfahrt:<\/strong><br>Mit der S-Bahn nach Starnberg. Dann ein kurzes St\u00fcck zu Fu\u00df nach Osten. Mit dem Auto quasi am Autobahnende. Parkplatz am Seebad oder dahinter am Landratsamt.<\/p>\n\n\n\n<p><strong>Verpflegung:<\/strong><br>Keine Verpflegung durch den Organisator. An der Strecke gibt es viele M\u00f6glichkeiten an Kiosken Essen und Trinken zu kaufen. Ebenfalls einige Toilettenanlagen mit flie\u00dfendem Wasser.<\/p>\n\n\n\n<p><strong>Toiletten\/Duschen:<\/strong><br>Keine Toiletten am Start (evtl. im Seebad-Eingangsbereich), aber \u00f6fter an der Strecke. Keine zwischen Tutzing und Sankt Heinrich!<br>Duschen und Baden im Seebad oder im See am Badegel\u00e4nde Percha ein paar hundert Meter \u00f6stlich. <\/p>\n\n\n\n<p><strong>Zeitnahme:<\/strong><br>Selbst\u00e4ndig per Laufuhr. Der GPS-Track dient als Nachweis der Zeit und der Kilometer<\/p>\n\n\n\n<p><strong>Teilnehmerlimit:<\/strong><br>mindestens 3  \u2013 Mindestalter 18 Jahre<\/p>\n\n\n\n<p><strong>Kontakt\/weitereInformationen:<\/strong><br>kontakt@isarmarathon.de<\/p>\n\n\n\n<p><strong>Haftungsausschl\u00fcsse und notwendige Erkl\u00e4rungen der Teilnehmer:<\/strong><br>1. Der Veranstalter \u00fcbernimmt f\u00fcr Unf\u00e4lle und Verletzungen aller Art sowie Diebstahl oder sonstige Sch\u00e4den keine Haftung. Die Teilnahme erfolgt auf eigenes Risiko.<\/p>\n\n\n\n<p>2. Der Teilnehmer erkl\u00e4rt, dass er einen f\u00fcr die Absolvierung des Laufs ausreichenden Trainings- und Gesundheitszustand besitzt und mehre Marathons im Jahr l\u00e4uft.&nbsp;Eine medizinische Betreuung wird nicht organisiert.<\/p>\n\n\n\n<p>3.&nbsp;Es gilt die Stra\u00dfenverkehrsordnung. <\/p>\n\n\n\n<p>4. Der Teilnehmer best\u00e4tigt mit seiner Anmeldung, dass er damit einverstanden ist, dass s\u00e4mtliche Fotos und Videos, die im Zusammenhang mit dem Lauf stehen, ohne Verg\u00fctungsanspr\u00fcche genutzt werden d\u00fcrfen .<\/p>\n","protected":false},"excerpt":{"rendered":"<p>Von Starnberg einmal um den Starnberger See. 50 Kilometer. Zus\u00e4tzlich wird die M\u00f6glichkeit angeboten, die Strecke vorzeitig zu beenden. Dann gibt es eine Urkunde \u00fcber die Teilstrecke. Also beispielsweise Bernried oder Seeshaupt mit Zug oder Schiffsanschluss. Ergebnisse Ultra: Platz Name Vorname Verein\/Ort Zeit 1 Krauss Roland LG Ultralauf, Kammerstein 6:03:50 2 Klinger Thomas M\u00fcnchen, RC &hellip; <\/p>\n<p class=\"link-more\"><a href=\"https:\/\/isarmarathon.de\/?page_id=595\" class=\"more-link\"><span class=\"screen-reader-text\">\u201e1. Starnberger See Ultra, Sonntag 6.8.2023\u201c <\/span>weiterlesen<\/a><\/p>\n","protected":false},"author":1,"featured_media":0,"parent":0,"menu_order":0,"comment_status":"closed","ping_status":"closed","template":"","meta":{"footnotes":""},"class_list":["post-595","page","type-page","status-publish","hentry"],"_links":{"self":[{"href":"https:\/\/isarmarathon.de\/index.php?rest_route=\/wp\/v2\/pages\/595","targetHints":{"allow":["GET"]}}],"collection":[{"href":"https:\/\/isarmarathon.de\/index.php?rest_route=\/wp\/v2\/pages"}],"about":[{"href":"https:\/\/isarmarathon.de\/index.php?rest_route=\/wp\/v2\/types\/page"}],"author":[{"embeddable":true,"href":"https:\/\/isarmarathon.de\/index.php?rest_route=\/wp\/v2\/users\/1"}],"replies":[{"embeddable":true,"href":"https:\/\/isarmarathon.de\/index.php?rest_route=%2Fwp%2Fv2%2Fcomments&post=595"}],"version-history":[{"count":5,"href":"https:\/\/isarmarathon.de\/index.php?rest_route=\/wp\/v2\/pages\/595\/revisions"}],"predecessor-version":[{"id":608,"href":"https:\/\/isarmarathon.de\/index.php?rest_route=\/wp\/v2\/pages\/595\/revisions\/608"}],"wp:attachment":[{"href":"https:\/\/isarmarathon.de\/index.php?rest_route=%2Fwp%2Fv2%2Fmedia&parent=595"}],"curies":[{"name":"wp","href":"https:\/\/api.w.org\/{rel}","templated":true}]}}